nits digit of 65219?
9
What is the thousands digit of 126182?
6
What is the hundreds digit of 216047?
0
What is the tens digit of 3706071?
7
What is the tens digit of 13637133?
3
What is the tens digit of 9912281?
8
What is the millions digit of 7050819?
7
What is the ten thousands digit of 239801?
3
What is the tens digit of 265564?
6
What is the ten millions digit of 18195046?
1
What is the hundreds digit of 132343?
3
What is the thousands digit of 107408?
7
What is the millions digit of 14411466?
4
What is the hundreds digit of 4461861?
8
What is the hundreds digit of 3210324?
3
What is the tens digit of 259742?
4
What is the hundreds digit of 6888431?
4
What is the tens digit of 456537?
3
What is the units digit of 579989?
9
What is the thousands digit of 46340?
6
What is the thousands digit of 13257621?
7
What is the hundreds digit of 212585?
5
What is the hundred thousands digit of 247419?
2
What is the ten thousands digit of 391653?
9
What is the thousands digit of 1424685?
4
What is the ten thousands digit of 11667149?
6
What is the millions digit of 9394459?
9
What is the millions digit of 1596750?
1
What is the tens digit of 10775179?
7
What is the ten thousands digit of 175426?
7
What is the tens digit of 6937761?
6
What is the millions digit of 12225519?
2
What is the thousands digit of 33354?
3
What is the thousands digit of 188974?
8
What is the ten thousands digit of 689138?
8
What is the units digit of 11642892?
2
What is the units digit of 349830?
0
What is the thousands digit of 150083?
0
What is the ten thousands digit of 543850?
4
What is the units digit of 1976981?
1
What is the hundreds digit of 446004?
0
What is the units digit of 860761?
1
What is the hundreds digit of 28643232?
2
What is the tens digit of 2570488?
8
What is the thousands digit of 28465?
8
What is the hundred thousands digit of 161085?
1
What is the millions digit of 3396004?
3
What is the units digit of 145240?
0
What is the units digit of 18016556?
6
What is the ten thousands digit of 286188?
8
What is the hundreds digit of 16235?
2
What is the thousands digit of 18205771?
5
What is the ten thousands digit of 23144051?
4
What is the units digit of 508501?
1
What is the ten thousands digit of 119539?
1
What is the hundred thousands digit of 279747?
2
What is the units digit of 1220504?
4
What is the hundreds digit of 689634?
6
What is the hundreds digit of 772864?
8
What is the units digit of 99280?
0
What is the units digit of 263561?
1
What is the ten thousands digit of 6308302?
0
What is the ten thousands digit of 21075497?
7
What is the millions digit of 20654470?
0
What is the hundred thousands digit of 9792497?
7
What is the thousands digit of 3714738?
4
What is the hundreds digit of 1571871?
8
What is the ten thousands digit of 868202?
6
What is the units digit of 31520044?
4
What is the ten thousands digit of 2983531?
8
What is the ten thousands digit of 814044?
1
What is the tens digit of 1401136?
3
What is the thousands digit of 49423?
9
What is the tens digit of 2176409?
0
What is the hundred thousands digit of 13883525?
8
What is the hundred thousands digit of 1686195?
6
What is the units digit of 3119319?
9
What is the units digit of 10527764?
4
What is the ten thousands digit of 2842722?
4
What is the hundreds digit of 223013?
0
What is the hundred thousands digit of 282189?
2
What is the thousands digit of 8943426?
3
What is the hundred thousands digit of 1227353?
2
What is the thousands digit of 816512?
6
What is the tens digit of 1448668?
6
What is the hundred thousands digit of 473012?
4
What is the thousands digit of 4309495?
9
What is the hundred thousands digit of 1193784?
1
What is the millions digit of 6135539?
6
What is the tens digit of 2639721?
2
What is the hundred thousands digit of 4771774?
7
What is the tens digit of 20447186?
8
What is the thousands digit of 185712?
5
What is the units digit of 40039?
9
What is the units digit of 3042188?
8
What is the tens digit of 20076?
7
What is the units digit of 406227?
7
What is the millions digit of 2190983?
2
What is the tens digit of 505052?
5
What is the millions digit of 18529069?
8
What is the thousands digit of 137406?
7
What is the millions digit of 9236077?
9
What is the thousands digit of 234216?
4
What is the units digit of 352774?
4
What is the thousands digit of 213339?
3
What is the tens digit of 1104155?
5
What is the ten thousands digit of 209963?
0
What is the tens digit of 9013100?
0
What is the thousands digit of 2387050?
7
What is the units digit of 315360?
0
What is the millions digit of 12684916?
2
What is the units digit of 679355?
5
What is the hundreds digit of 12876?
8
What is the hundreds digit of 1016487?
4
What is the millions digit of 14862102?
4
What is the ten thousands digit of 7419872?
1
What is the thousands digit of 1678981?
8
What is the ten thousands digit of 6781410?
8
What is the hundreds digit of 52363?
3
What is the millions digit of 11681869?
1
What is the hundreds digit of 532767?
7
What is the millions digit of 2276549?
2
What is the ten thousands digit of 3394715?
9
What is the thousands digit of 170685?
0
What is the ten thousands digit of 833883?
3
What is the ten thousands digit of 277872?
7
What is the tens digit of 1691559?
5
What is the tens digit of 3255928?
2
What is the ten thousands digit of 2752984?
5
What is the tens digit of 22956609?
0
What is the units digit of 460321?
1
What is the thousands digit of 205887?
5
What is the tens digit of 69200?
0
What is the thousands digit of 10626579?
6
What is the tens digit of 1737860?
6
What is the thousands digit of 464466?
4
What is the tens digit of 7864940?
4
What is the thousands digit of 19608810?
8
What is the millions digit of 8060038?
8
What is the hundreds digit of 450600?
6
What is the tens digit of 114636?
3
What is the units digit of 2361856?
6
What is the units digit of 32569?
9
What is the tens digit of 203672?
7
What is the units digit of 1376525?
5
What is the thousands digit of 10553280?
3
What is the tens digit of 18769680?
8
What is the hundred thousands digit of 373593?
3
What is the ten thousands digit of 128461?
2
What is the ten thousands digit of 579217?
7
What is the ten thousands digit of 4850177?
5
What is the thousands digit of 304771?
4
What is the ten thousands digit of 46989?
4
What is the tens digit of 821045?
4
What is the tens digit of 3848570?
7
What is the ten thousands digit of 119562?
1
What is the thousands digit of 63405?
3
What is the units digit of 358749?
9
What is the hundreds digit of 3224690?
6
What is the hundred thousands digit of 3797144?
7
What is the tens digit of 47193?
9
What is the ten thousands digit of 1268761?
6
What is the millions digit of 1218288?
1
What is the millions digit of 2384817?
2
What is the thousands digit of 882040?
2
What is the ten thousands digit of 2826122?
2
What is the tens digit of 76428?
2
What is the ten thousands digit of 586439?
8
What is the hundreds digit of 3089057?
0
What is the tens digit of 268125?
2
What is the tens digit of 1345616?
1
What is the hundreds digit of 1688240?
2
What is the millions digit of 12940641?
2
What is the ten thousands digit of 211020?
1
What is the ten thousands digit of 1442228?
4
What is the units digit of 95805?
5
What is the hundreds digit of 189467?
4
What is the tens digit of 27444739?
3
What is the units digit of 252010?
0
What is the units digit of 9062112?
2
What is the thousands digit of 380699?
0
What is the thousands digit of 845837?
5
What is the thousands digit of 13704789?
4
What is the ten thousands digit of 433207?
3
What is the millions digit of 8852787?
8
What is the millions digit of 8319043?
8
What is the hundred thousands digit of 1044039?
0
What is the tens digit of 4958492?
9
What is the thousands digit of 1515451?
5
What is the millions digit of 1249315?
1
What is the tens digit of 2491666?
6
What is the millions digit of 9766441?
9
What is the ten thousands digit of 12372777?
7
What is the thousands digit of 381283?
1
What is the hundred thousands digit of 756030?
7
What is the hundred thousands digit of 499875?
4
What is the hundreds digit of 279031?
0
What is the tens digit of 209853?
5
What is the millions digit of 1074338?
1
What is the